1
3 + -11 - (-21 - -20) - 10
-17
Evaluate 2 + (8 - (17 - 1)) + 1.
-5
What is 15 - 3 - 2 - 6?
4
What is (7 + 8 - 27) + 16 + 1?
5
Evaluate 0 - -1 - (-12 - (-19 - -6 - -5)).
5
10 + -2 + 0 + -19
-11
25 + (4 - 31) - -11
9
Evaluate (34 - 30) + (1 - 0) + (28 - 25).
8
What is -3 - -6 - (17 + (6 - 14 - -2))?
-8
Evaluate -9 + 4 - ((-14 - (0 - 0)) + -3).
12
-6 + (-116 - -120 - (3 + -9))
4
Calculate (11 - 0) + (28 - (28 - 2)).
13
What is -7 + (6 - 18) - (5 + -22)?
-2
Calculate -9 - (7 - (1 + 15)).
0
Calculate 14 + -6 - (-3 + 4 - -11).
-4
Evaluate -17 - -27 - ((-9 - -3) + 19).
-3
What is the value of 1 + -8 + 8 + (-7 - (1 - -2))?
-9
What is the value of (8 - 26) + 3 - 16?
-31
What is (15 - -20 - 3) + -17?
15
21 + -40 - (3 + (1 - -4) - -2)
-29
What is the value of (-4 + 3 - (1 - -4)) + 0 + 14?
8
Evaluate ((5 - 4) + -4 - -20) + -10.
7
(9 - 51 - -19) + 9
-14
What is -2 + -12 - (316 + -308)?
-22
What is the value of 0 + 0 - -7 - (-84 + (50 - -23))?
18
What is the value of -8 + 5 + -1 + 1 + 15?
12
Calculate -3 - ((-6 - 1 - -9) + -1).
-4
What is 40 + -6 + -30 + -3?
1
(2 - 13) + 42 + -15 + -10
6
Calculate (7 - 1 - ((23 - 17) + -3)) + -7.
-4
What is the value of (11 + 9 - -5) + -52?
-27
Calculate 4 + 2 - (-6 + 7 + 0 - -29).
-24
Evaluate (-34 - -27) + (-3 - -2 - (-1 + 3)).
-10
-20 + 25 - ((1 - (-21 + -4)) + 0)
-21
(-18 - (18 + -23)) + -5
-18
What is (-6 - -1) + (118 - 99) - 26?
-12
What is the value of 3 + (19 + -2 - (19 - (-13 - -28)))?
16
What is the value of 32 - 27 - 38 - -23?
-10
What is the value of 6 + 56 + -19 - 20?
23
Calculate 3 - 1 - ((-63 - -30) + 38).
-3
1 + (9 + 0 - 0) - (1417 + -1418)
11
Calculate 16 + (-26 - -21 - (-2 + 6)).
7
What is the value of -7 + -6 + (6 + (-4 - -3) - 5)?
-13
What is -6 - (-15 + 14 + -9 + -2 + 1)?
5
What is (-8 + 3 - -4) + 21 + -30?
-10
What is (-10 - -15) + -5 + (6 - (-9 + 6))?
9
What is -6 - -42 - 33 - 25?
-22
What is 9 + (13 - 8) + -12 + -11?
-9
Calculate (22 + -11 - 10 - 1) + -16.
-16
What is the value of -7 + 0 - (-14 + 38 + -34)?
3
Evaluate -3 + (-1 - -1) + (-48 + 10 - -43).
2
Evaluate 6 - (-11 + 5 - -9).
3
What is (-10 - (-5 - (-11 + -2))) + 5 + 1?
-12
24 + (-1 - 19) + 5
9
What is 62 + -29 + -46 + (3 - (2 + -4))?
-8
21 + (-21 - 25) + 19
-6
Evaluate 29 + -14 + -2 - 16.
-3
Evaluate -3 - (17 + -7 + -5 + 6 - 4).
-10
Evaluate 2 + -3 - (-4 - (2 + -13)).
-8
What is 33 + (-26 - -7) - 6?
8
What is -51 + 62 + 12 + -2?
21
What is -3 - ((2 - (11 - 13)) + -5)?
-2
Evaluate 15 - 21 - (1 + 8 + -3).
-12
Calculate -1 - 0 - (-173 + 136).
36
What is -27 + -7 + -24 + 40?
-18
8 + (-17 + -1 + 10 - 2)
-2
What is the value of 8 + -1 + -5 + 4 + 1 + -5?
2
Calculate -29 - (-9 + 4 + -3 - (152 - 151)).
-20
Evaluate 17 + (3 - (8 - (5 + -3))) + -4.
10
What is 13 - (3 + 3) - (-2 - (-9 - 0))?
0
What is the value of 5 - -2 - (-4 + 7 + -8 - 7)?
19
What is -13 - (4 - ((-33 - -33) + 6 + -2))?
-13
Calculate (15 + -18 + -5 - -31) + 0.
23
Evaluate -3 + (-11 + 2 - (-11 + (13 - 4))).
-10
What is the value of (282 - 296) + 11 + 0?
-3
What is the value of 0 + 9 + 91 + -94?
6
Evaluate 0 + (-17 - -19 - (-7 - -1)).
8
4 + (4 + -1 - 10) + 11 - 14
-6
Calculate -14 + 12 + (-5 - -7).
0
Calculate 3 + -4 - -11 - (-7 - (-15 - -7)).
9
What is -9 - (13 + -4) - -12?
-6
Calculate 54 + 13 + -52 - (13 - -1).
1
What is (39 - 36) + 8 + (1 - 3)?
9
What is the value of -11 + 34 - 0 - 10?
13
-30 + 18 + 4 + -5
-13
What is the value of (11 + -11 - -4) + 1 - -5?
10
Evaluate 2 + (8 - 0) + (-51 - -48) + -9.
-2
What is -269 + 260 - (1 + -2 + 14)?
-22
Calculate 1 + -2 + (0 - -9 - (-57 + 58)).
7
Calculate (-55 - -75 - ((-2 - 1) + 8)) + 5.
20
What is 5 + -31 + 45 + -48?
-29
Evaluate 9 - ((4 - 2) + 29).
-22
What is 15 + -21 + 8 + 1 + -2 + 3?
4
Evaluate -14 + 8 - (-24 + -2 + 5 - -10).
5
Evaluate 4 + (-1 - (-15 - -9)) + 13 + 2.
24
Evaluate -52 + 0 + 58 - (18 + 2).
-14
What is -5 - (-16 - -12) - 6?
-7
Evaluate (0 - 8) + -32 + 29 - -14.
3
Evaluate 24 + (37 - 41) + 5.
25
-1 + 21 + -4 + -5 + -6 - 10
-5
Calculate -3 + (1 + 5 + -12 - -11) + 1.
3
Evaluate 3 + 21 - (-32 - -41).
15
Evaluate -26 - -22 - (-3 + -12 - (-6 - -4)).
9
Evaluate (3 - 13) + (6 - (1 - 13)).
8
Evaluate (-4 - 4) + 0 + 5.
-3
What is 4 + (-8 - (-3 + -2) - 5)?
-4
Evaluate -9 + 0 - (0 + -2) - 0.
-7
What is (-20 + (12 - 4) - (-21 - 1)) + -36?
-26
Calculate -3 + -5 - ((-3 - (-2 - -5)) + -1).
-1
(-5 - 40) + (18 - -2 - 3)
-28
What is the value of -36 + (-70 - -106) - (-1 - -12)?
-11
Calculate (-3 - -1) + (470 - 453).
15
What is 9 + (2 + -2 - (107 - 107))?
9
Evaluate (17 - 40) + 38 + -26.
-11
Evaluate -10 + -1 + -2 + (4 - 23 - -47).
15
Evaluate (-4 - 1) + 6 - (-3 + -6 - -6).
4
Evaluate (-2 - 22 - (-28 + 24)) + -7 + 12.
-15
What is the value of -222 - -231 - (0 + 0 + 5)?
4
What is 59 - (-28 + 59 + 8)?
20
What is (-15 - -8 - -3) + 4?
0
What is the value of -25 + (-6 - -27) + (0 - 20)?
-24
-4 + (24 - (14 + 4 + -7))
9
Calculate -3 - (8 - (8 - 0)) - 3.
-6
8 + -1 + (-1 + -7 - (-261 + 259))
1
Evaluate (-28 - -20) + 18 + -2 + 0.
8
What is the value of 6 + (7 - (0 + 54 - (7 - 7)))?
-41
What is the value of (-59 - (-15 - 31)) + (-1 - 1)?
-15
What is the value of 2 - -2 - 3 - (12 - 10)?
-1
-12 + (4 - 2) + -3 + -7
-20
Calculate (-5 - (9 - 24)) + (12 - (31 + -8)).
-1
Calculate -3 + (2 - -1) + -1 + (37 - 30).
6
What is the value of (32 - 5 - (1 + 2)) + -7?
17
-2 + (0 - -16 - 1)
13
What is 5 - -11 - ((-13 - -3) + 17) - -18?
27
Calculate -30 + 33 + 2 - 39.
-34
Evaluate -1 + (-2 - 5) - (-54 + 129 - 67).
-16
What is -8 - -2 - (-20 + 37 + -25)?
2
What is the value of 16 - (1 + ((2 - 0) + -8 - -6))?
15
What is the value of (5 - 55) + (46 - 29) - -15?
-18
What is -4 + 24 + (12 - 16) + 3?
19
What is (1 - 5) + 13 + (13 - 4) + -7?
11
What is (8 - 20) + 2 - -9?
-1
What is 8 + -1 - (-50 - (68 - 102))?
23
-19 + (14 - 4 - (39 - 25))
-23
Evaluate (1 - (5 - (0 + -8 + 16))) + -13.
-9
What is 9 - 0 - (41 - (-11 + 30))?
-13
Calculate -56 + -6 + 57 + (0 - -3).
-2
Evaluate (-9 - -14) + (-48 - -44).
1
What is the value of 23 - 18 - (9 - (-2 + 7 - 4))?
-3
Evaluate -22 - ((-30 - -19) + 9 + -2).
-18
5 + -5 + 0 + -3 + -4
-7
-5 - (0 - -3 - -1 - (17 - 19))
-11
Evaluate (4 - 1) + -60 + 56 + 8.
7
24 - (-1 + -2 + 0 - (-85 + 74))
16
What is -68 + 75 + (-1 - 7)?
-1
What is the value of 0 + -2 + -3 + 4 - (-209 + 189)?
19
What is the value of (-10 - 2 - -9) + (-13 - -5)?
-11
What is the value of -146 - -143 - (7 - (0 - (-2 + 4)))?
-12
Calculate (-1 + -9 - -4) + -2 + 9.
1
What is the value of (-24 - -26) + -40 - (1 + 1 - 10)?
-30
What is -6 + (6 - -1) + 57 + -38?
20
What is the value of -15 + 31 + -15 + (1 - 12) - 6?
-16
What is 1 + (-8 - (0 - -6)) + 5 + 13?
5
What is (-6 - (0 + 1)) + 11 - 21?
-17
Evaluate (3 + -9 - -11) + 4 + -1.
8
What is 5 - (6 - ((0 - -11) + 16 - 4))?
22
What is (8 - 5 - (-5 + 15)) + -2?
-9
Evaluate (-2 - (0 - 6)) + 6.
10
5 + (-2 + -3 - -5) + -8 + -18
-21
What is the value of (-33 - -23) + 10 - -2?
2
Calculate 3 + (-14 - (6 - 9)) + -11.
-19
What is the value of -6 + (-14 - -21) - 5?
-4
What is the value of 2 + -12 - ((15 - (-2 - -4)) + -20)?
-3
Calculate (1 - (-1 - -33)) + 39 + 34 + -72.
-30
What is the value of (3 - -28) + (134 - 166)?
-1
What is the value of 8 + -7 + 14 + -3 + -16?
-4
Calculate 95 + -86 - (7 + 18).
-16
Evaluate (-4 - 6) + 13 + (-4 - 5).
-6
Calculate -15 - (39 + -48) - (-18 - -1) - 3.
8
What is the value of -6 - (0 + 7) - (-1 + -9) - 12?
-15
-368 + 348 - (-22 + 1)
1
What is the value of 440 + -435 + -12 + 1?
-6
(-5 - (7 + -5 + 2)) + 0 + 3
-6
Evaluate 12 + (-22 - (-13 - 7) - (4 + 0)).
6
Evaluate (2 - (-3 + -1)) + 3.
9
What is the value of -361 + 367 + (-15 - -12) + -19 + 0?
-16
Evaluate (8 - 17) + 15 - 14.
-8
-9 - (-14 + 6 - -16 - 4)
-13
What is the value of (0 + (0 - 1) - 3) + 2?
-2
Calculate -2 - (2 - (-2 + -7 + 1)).
-12
Calculate (-81 - -83) + 11 + -1.
12
Calculate -11 - (-15 - (-29 + 15)).
-10
What is the value of (24 - -1) + -685 + 642?
-18
What is the value of 2 + -3 + 44 + -48?
-5
What is the value of 13 - (-15 + 20) - 21?
-13
Calculate 6 + (-3 + -8 + 2 - (2 + -6)).
1
What is -12 + 0 + 0 + 153 + -125?
16
What is the value of -1 + -3 - (24 - (44 - 21))?
-5
Evaluate -12 + -5 - -20 - 0.
3
Evaluate 5 + (7 + -19 - (20 + -3)).
-24
What is 0 + (-7 + 13 - -6) + -15?
-3
Calculate 47 + -61 + (10 - (-6 - -4)).
-2
11 + -6 - 24 - (2 + 1)
-22
What is the val